 51*r**2/2 - 525*r + 1. Determine y(-4).
-1
Let y = -119 + 116. Let c be (-1)/2*(3 - 27)/y. Let u(v) = -2*v - 5. Determine u(c).
3
Suppose -2*y - 3*y = -50. Let a = y - 2. Let g(r) = -2*r**3 - 9*r**2 + 14*r + 1. Let m(v) = 3*v**3 + 9*v**2 - 16*v. Let k(s) = 4*g(s) + 3*m(s). What is k(a)?
4
Let n be 2 - 4/8*0. Let r(y) = -3*y + 16*y**n - 1 - 18*y**2 + y**3 + 2*y + 3. Let u be r(2). Let a(c) = -c**2 - c. What is a(u)?
0
Let u(o) = -26*o + 43 - 11 - o**2 + 73*o - 36*o - 17. What is u(9)?
33
Let r(g) = -378 - 201 + 25*g + 19*g - 121 + 19*g. Determine r(11).
-7
Suppose 83 = -i + 85. Suppose i*w = 3*z - 18, -5 = -w - 2*z - 0*z. Let s(c) = c**2 + 2*c - 2. Give s(w).
1
Let f = 16826 - 16809. Let o(d) = -2*d**2 + 37*d - 56. What is o(f)?
-5
Let f(y) = -y**3 - 7*y**2 + 7*y - 1. Suppose 252*t - 251*t = 10. Suppose 0 = -2*h + g - 13, -t*g = 4*h - 6*g + 44. Determine f(h).
7
Let q(z) be the third derivative of z**4/24 - 17*z**3/6 - z**2 + 209. Give q(2).
-15
Let f(k) = 40 + 229007*k**2 - 8*k - 229008*k**2 - 6 - 11*k. Determine f(2).
-8
Let m(t) = t**3 - t**2 - t - 9. Suppose 28*c + 52 = 32*c + 2*z, z - 39 = -3*c. Suppose 0 = 19*p + c - 13. Give m(p).
-9
Suppose -3*y - 8 - 1 = -3*i, -13 = -i - y. Suppose 0 = -4*s + 1 + 3. Let u(f) = -s + f**3 - 4 + 2 - 8*f**2 + 2*f. What is u(i)?
13
Let k(j) = -1 + 70462*j - 2 - 70464*j. Calculate k(-5).
7
Let q(y) = 9*y**3 - 4*y**2 - 49. Let r(c) = 4*c**3 - 2*c**2 - 21. Let g(n) = -3*q(n) + 7*r(n). What is g(3)?
9
Let g(a) = 39*a**3 + a**2 + a. Let j be 16/4 + (-4 - (1 + 0)). Let p be g(j). Let d = p + 43. Let n(b) = b**2 - 4*b - 2. Give n(d).
-2
Let j(t) = t**3 + 5*t**2 - 7. Let h(a) = -a**3 + 5*a**2 + 8*a - 8. Let v be h(6). Suppose 5*m = v*w - 13, 7*m - 2*w = 3*m - 14. Give j(m).
-7
Let i(r) be the first derivative of 0*r**2 - 8*r - 4 + r**2 + 2. Suppose -95*b + 117*b - 27 = 149. What is i(b)?
8
Let b(j) be the first derivative of -5*j**3/3 - j - 4007. Suppose 4*o + 4*r = 3*r + 3, -7 = -3*o + 4*r. Determine b(o).
-6
Let w be (-74)/(-333) + (-140)/(-18). Let k(r) = -15 + 6*r - w - r**2 + 20. Let o be 14/21 + (-20)/(-6). Calculate k(o).
5
Let v be (-16 - (-403)/26)*(0 - 0)/(-9). Let w(a) be the first derivative of -1 - 1/3*a**3 + 1/2*a**2 - 10*a. Determine w(v).
-10
Suppose -3*d + 4*d + 3*y - 19 = 0, -4*d + 2*y = -76. Suppose 3*v - d = -22. Let z(x) = 2*x**3 - x - 4 + 3 + x**3. What is z(v)?
-3
Let l(d) be the second derivative of d**2 + 5*d + 1/6*d**3 - 8. Give l(-2).
0
Let s(x) = -2*x**3 + 3*x**2 - 4*x + 3. Suppose -4*q - 6*k + 20 = -8*k, 5*k + 26 = 2*q. Let w be -3*((-25)/9 + q)*-3. Determine s(w).
-9
Let f(l) = -6*l - 1. Let d be f(-1). Suppose -10*y + 25 = -d*y. Let b(a) = -y - a + 2 + 0*a + 1. What is b(-7)?
5
Let l(c) = -c**2 + 7*c - 14. Suppose 0 = 15*g - 25*g + 480. Suppose -47*n + 19 = 5*o - g*n, 3*o = n + 11. What is l(o)?
-2
Let u(l) = -3*l + 7. Let k(v) = -v - 4. Let h(j) = 2*j + 5. Let p(z) = -2*h(z) - 3*k(z). Let s(r) = 22*p(r) - 6*u(r). Let o = 1 + 3. Determine s(o).
-14
Let w(s) = -s**3 - 9*s**2 - 8*s + 3. Suppose -f = 3*k - 5*f + 6, 0 = -5*k - f + 13. Suppose 2*h + 5*l + 4 = -2, k*l + 12 = -2*h. Determine w(h).
3
Let s(q) be the third derivative of 71*q**2 + 0 + 1/24*q**4 + 1/6*q**3 + 0*q. Calculate s(8).
9
Let a(v) be the first derivative of -2*v**3/3 + 7*v**2/2 - 8*v + 2178. Give a(7).
-57
Let w(v) be the first derivative of -v + 1. Let b(x) = -2*x + 1. Let h(p) = b(p) + 2*w(p). Let o = 57903 - 57906. What is h(o)?
5
Let o(i) = 37*i - 294. Let u(d) = 3*d**2 - 139*d + 1478. Let x be u(30). Calculate o(x).
2
Suppose 0*h - 75 = -3*h. Suppose 2*l = h*v - 28*v - 12, -l = -3*v - 3. Let i(t) = 4 - 3*t - 3*t + 7*t. Calculate i(l).
1
Let j(k) = 0*k**3 - 6*k**2 + 3 - k - k**3 - 11. Let i(s) = -7*s**3 - s + 2. Let r be i(1). Determine j(r).
-2
Let g(y) = -y**3 - 10*y**2 + 21*y + 2. Let f be g(-12). Let j(v) = -112*v - 6 + 39*v + 1 + f*v + 38*v. Determine j(-6).
-23
Let r(w) = 8*w**2 + w - 1. Let k(d) = -26*d**2 - 28*d + 21. Let s(n) = -k(n) - 3*r(n). Determine s(-13).
-5
Let d(r) = 1278*r + 94 + 1281*r - 2584*r. Give d(4).
-6
Let g(a) = -22*a + 100. Let v = 13290 + -13285. Determine g(v).
-10
Let n(v) = -7*v. Let r = 88 + -82. Suppose 0 = -r*p + p + 5. What is n(p)?
-7
Let c(z) = -2*z**3 + z**3 - 2*z**3 + 2*z**3 + 2*z**2 - 2. Let l(h) = -2*h + 2. Let t be (0/1)/(3/((-3)/1)). Let w be l(t). What is c(w)?
-2
Let b(q) = 67*q - 1537. Let y be b(23). Let d(j) = 54*j - 207. Determine d(y).
9
Let y(m) = 22*m**2 - 87*m + 216. Let q(v) = 5*v**2 - 21*v + 54. Let h(g) = -9*q(g) + 2*y(g). Calculate h(5).
-4
Let t(j) = 3*j - 30. Let a(s) = -16*s + 155. Let q(n) = 2*a(n) + 11*t(n). Suppose -56 = -5*f - 4*c + 19, -3*c = -4*f + 29. Let h = 11 - f. What is q(h)?
-20
Suppose -5426 = 22*f - 5756. Let x(t) = t**2 - 19*t + 67. What is x(f)?
7
Let b(x) = 14*x**2 - 6*x + 4. Let a(m) = 9*m**2 - 5*m + 6. Let o(t) = -3*a(t) + 2*b(t). Give o(-8).
30
Let q(x) = x**3 + 3*x**2 - 6*x - 3. Suppose -10 = -4*m - 14. Let p be (5/(-15))/(m/48). Suppose -p = 11*a - 7*a. What is q(a)?
5
Let p(q) = -q**2 - 2*q - 2. Let z(d) = 11*d**2 + d + 1. Let r be z(-2). Suppose r*i + 84 = 15*i. What is p(i)?
-5
Let r = 98 - 91. Let q(i) = -4*i - 14. Let h(v) = 11*v + 34. Let o(t) = 3*h(t) + 8*q(t). Calculate o(r).
-3
Suppose -5*d - 42 = 5*y - 12, 3*y + 5*d = -30. Let i(b) = 3*b + 40. What is i(y)?
40
Let v(q) = -q**3 - 7*q**2 + 7*q - 4. Let w(u) = -u**2 + 23*u - 34. Let o be w(21). Suppose -2*d - 24 + o = 0. Calculate v(d).
4
Let u(y) = -y**3 - 10*y**2 + 28*y - 4. Let k be u(3). Let i(m) = m + 39. Determine i(k).
2
Suppose -2*y + 0*h + 2*h = 8, 3*y = 4*h - 10. Let m(x) = -77*x - 169. Let p be m(-20). Let g(a) = -5*a + 6*a - 1359 + p. Calculate g(y).
6
Let h(p) = -p**2 + 10*p - 10. Suppose 4*t - 3*a = 7, 4*a = -0*t + 2*t + 4. Let d be h(t). Let r(u) = -10 - d + 23 + 3*u - 2*u. Calculate r(-4).
-5
Suppose 19*v - 18*v = -3*x + 13, -12 = -2*x + v. Let f(s) = -5*s + 6. Let a(h) = -6*h + 7. Let j(m) = x*f(m) - 4*a(m). Calculate j(12).
-10
Let p be -5 + (-76 - (-4 + -5 + -3)). Let d(r) = -r**2 - 75*r - 415. Calculate d(p).
-1
Let v(r) = 599*r - 612*r + 21*r**2 - 1 - 22*r**2. Give v(-12).
11
Let a(j) be the first derivative of j**3/3 - 9*j**2 + 35*j + 5266. What is a(10)?
-45
Let f(m) be the first derivative of m**2 - 7*m - 706. Let i(y) = y**3 + 5*y**2 + 4*y + 1. Let q be i(-3). Give f(q).
7
Let b(s) = -77*s - 1240. Let t be b(-16). Let l(p) = -2*p + 25. Calculate l(t).
41
Let c(r) be the second derivative of -5*r**3/3 + 132*r**2 + 4452*r. Determine c(27).
-6
Let l be ((-2)/1*61/244)/(1/(-6)). Let n(q) = 10*q - 3. Let j(u) = 1. Let v(g) = 6*j(g) + n(g). Determine v(l).
33
Let o(h) be the second derivative of 131*h**3/6 + 2*h**2 + 179*h + 8. Determine o(0).
4
Let h(c) = -c**2 + 12*c - 29. Let w be h(8). Suppose -3*o + 9 = -6*o, r = -w*o. Let b(z) = z - 7. What is b(r)?
2
Let k = -3 + -4. Let x = 9 + k. Let r(u) = -3*u**2 - 293*u - 8. Let f(m) = -4*m**2 - 469*m - 13. Let z(d) = 5*f(d) - 8*r(d). Calculate z(x).
13
Let h(d) = -9*d**2 + 12*d - 3. Let m(x) = -4*x**2 + 2*x - 1. Let j(c) = h(c) - 2*m(c). What is j(8)?
-1
Let w = 1/17050 - -4262/8525. Let i(l) be the first derivative of -21 + 5*l - w*l**2. Determine i(7).
-2
Let n(q) = 31*q + 3 - 2*q**3 + 71*q - 100*q + 4*q**2. Calculate n(3).
-9
Let d(j) = -3*j + 2*j - 8 + 2*j. Suppose 84*v - 228 = 360. Calculate d(v).
-1
Let b(c) = -5*c**2 - 8*c + 3. Let s(j) = -4*j**2 - 6*j + 2. Let z(y) = 5*b(y) - 6*s(y). What is z(1)?
-2
Let w be (8/(-10))/(12/(-390)). Suppose 4*f - w = 18. Let z(d) = d**3 - 12*d**2 + 11*d + 14. What is z(f)?
14
Let d(k) = 286*k - 605. Let i(a) = -62*a + 151. Let f(l) = 2*d(l) + 9*i(l). Give f(-10).
9
Let x(g) = 13*g + 1. Let p be 3/2*((-136)/(-24) + -5). Let d be (-2332)/77 + ((-9)/(-7) - p). Let m = -29 - d. Give x(m).
14
Let n(w) = w**3 - 5*w**2 - 8*w + 15. Let a be n(6). Let k(y) = 4*y - 8. Let d be k(a). Let m(i) = 19*i + i**2 + 32*i - 41*i + d. What is m(-9)?
-5
Suppose 0 = 5*f - 5*r - 45, 0 = 3*f + 104*r - 105*r - 13. Let x(s) = 5*s**3 - 4*s**2 + 3*s. Calculate x(f).
30
Let h(a) = -5*a + 3*a + 4*a - 1. Suppose -6*o - 12 = -3*t, -3*t = 2*o - 119 + 99. Give h(o).
1
Let i(w) = -2*w**3 - 8*w**2 + 5*w - 1. Suppose 16*h = 17*h - 5*r + 4, 0 = r. What is i(h)?
-21
Let m(z) = -4 + 15*z**2 - 33*z**2 + 6*z